(g) = -g**3 - 148*g**2 + 5764*g + 725. Give h(-180).
5
Let g(c) = 5*c**2 + 195*c + 1321. Give g(-10).
-129
Let z(r) = -2*r**3 + 36*r**2 + 809*r - 14859. Calculate z(19).
-210
Let d(x) = x**3 - 5*x**2 - 127*x - 17. Calculate d(-8).
167
Let b(v) = -3*v**3 + 4*v**2 + 795*v - 4773. What is b(6)?
-507
Let x(a) = 421236*a + 842462. Give x(-2).
-10
Let r(t) = t**3 + 73*t**2 - 182*t - 2329. Calculate r(-75).
71
Let g(v) = 1543*v**2 + 18533*v + 123. What is g(-12)?
-81
Let n(a) = 14*a**3 + 1539*a**2 - 92*a + 1970. Determine n(-110).
-10
Let p(n) = -2*n**3 - 394*n**2 + 355*n + 69954. Give p(-197).
19
Let b(h) = 16*h**2 + 3185*h + 401. Give b(-198).
-2965
Let m(t) = 5793*t - 9790. What is m(2)?
1796
Let l(h) = h**3 - 295*h**2 - 171*h - 36983. What is l(296)?
17
Let u(l) = -428*l + 49306. Calculate u(115).
86
Let m(s) = 19*s**3 + 592*s**2 + 348*s + 7912. Determine m(-31).
7
Let i(c) = -c**3 + 35*c**2 + 440*c + 78. Calculate i(45).
-372
Let u(z) = z**2 - 82095*z + 1805604. Calculate u(22).
-2
Let p(d) = -5*d**2 + 6583*d + 2225855. Determine p(-279).
-7
Let c(b) = -b**2 + 2285*b + 1448597. Determine c(-517).
-37
Let h(i) = 1564*i - 10927. Determine h(7).
21
Let r(a) = 4*a**2 + 3112*a - 335624. Calculate r(96).
-8
Let b(u) = 7448*u + 8192839. Calculate b(-1100).
39
Let a(k) = -2192*k + 688291. What is a(314)?
3
Let h(f) = 9710*f + 194216. Give h(-20).
16
Let g(y) = -2*y**3 - 202*y**2 - 343*y - 14362. What is g(-100)?
-62
Let l(h) = h**3 + 934*h**2 - 9480*h + 408. Give l(10).
8
Let h(g) = -24606*g - 319909. Determine h(-13).
-31
Let a(r) = 7*r**2 + 333*r - 345. Calculate a(-50).
505
Let k(t) = 340*t**2 + 148942*t + 9643. Calculate k(-438).
7
Let x(f) = -397*f**3 - 4*f**2 + 10*f + 4. Give x(-1).
387
Let k(u) = u**2 - 293*u - 2737. Give k(302).
-19
Let c(v) = 2*v**3 + 1483*v**2 - 2902*v - 134. Calculate c(2).
10
Let r(k) = -k**2 - 20051*k + 401434. Give r(20).
14
Let o(l) = 7*l**3 + 63*l**2 - 394*l - 3. Determine o(5).
477
Let r(q) = 68*q**2 - 397*q + 309. What is r(5)?
24
Let q(s) = s**3 - 29*s**2 + 214*s + 2. Calculate q(16).
98
Let i(p) = -p**3 + 116*p**2 - 1830*p - 154. Calculate i(19).
93
Let i(f) = -9627*f - 126053. Determine i(-13).
-902
Let b(a) = 11*a**3 + 133*a**2 + 34*a + 109. Determine b(-12).
-155
Let a(z) = -4*z**3 - 44*z**2 + 19*z + 31. Calculate a(-9).
-788
Let k(w) = 62*w**2 - 1070*w - 70. Give k(17).
-342
Let v(d) = -338*d**2 - 24997*d + 1109. Calculate v(-74).
-1
Let f(g) = 6*g**2 - 57*g - 480. What is f(-5)?
-45
Let n(o) = o**3 - 284*o**2 - 690*o + 115425. Calculate n(285).
0
Let g(p) = -18059*p - 288914. What is g(-16)?
30
Let t(p) = -p**3 + 745*p**2 - 2161*p + 1054248. What is t(744)?
0
Let m(r) = 192*r**2 - 2691*r + 82. What is m(14)?
40
Let g(i) = -32*i**2 + 260*i + 573. Give g(11).
-439
Let a(f) = 19*f**3 - 13*f**2 - 4*f + 230. Determine a(5).
2260
Let v(l) = -4*l**3 - 266*l**2 - 648*l - 481. Determine v(-64).
31
Let m(n) = 2*n**2 + 326*n - 136312. Determine m(192).
8
Let t(q) = -8*q**2 + 648*q - 3843. Determine t(6).
-243
Let w(f) = -340*f + 24939. Determine w(72).
459
Let w(a) = -a**3 - 55*a**2 - 162*a - 748. What is w(-52)?
-436
Let w(c) = -3*c**3 - 61*c**2 + 11703*c + 212917. Calculate w(-18).
-5
Let n(o) = 17*o - 784. What is n(48)?
32
Let h(d) = 4750*d - 30. Calculate h(0).
-30
Let c(y) = -9*y**2 + 2695*y - 177152. Calculate c(202).
2
Let u(l) = -9407*l - 347922. Determine u(-37).
137
Let d(q) = q**3 + 10*q**2 - 40627*q - 487221. Give d(-12).
15
Let t(h) = h**3 - 116*h**2 + 579*h - 1658. Give t(111).
1006
Let c(f) = -f**2 + 150*f + 35164. Give c(-127).
-15
Let u(s) = 452196*s - 1356591. Determine u(3).
-3
Let x(s) = 4586*s - 348518. Calculate x(76).
18
Let u(t) = -4006*t - 11609. Calculate u(-3).
409
Let y(t) = 4096*t - 83. Calculate y(0).
-83
Let k(q) = 128485*q + 2184239. Calculate k(-17).
-6
Let s(x) = -3579*x + 7147. Give s(2).
-11
Let y(l) = -l**3 - 15*l**2 + 178*l + 226. Give y(-22).
-302
Let b(s) = 3*s**3 - 9*s**2 + 119*s - 635. Determine b(5).
110
Let n(t) = -41951*t + 335675. Determine n(8).
67
Let o(f) = 320*f + 164786. What is o(-515)?
-14
Let b(o) = -3*o**3 - 44*o**2 - 40*o + 60. Calculate b(-8).
-900
Let s(p) = 149735*p + 299456. Determine s(-2).
-14
Let p(m) = 7*m**2 + 505*m + 35. Calculate p(0).
35
Let v(g) = 1070*g + 19839. Calculate v(-19).
-491
Let v(k) = -k**3 - 32*k**2 - 42*k - 216. Determine v(-30).
-756
Let n(b) = 244*b**2 + 8790*b + 219. Give n(-36).
3
Let k(r) = -3*r**2 + 1118*r - 59261. Calculate k(64).
3
Let c(m) = -3843*m + 430582. Calculate c(112).
166
Let a(b) = 5*b**3 - 20*b**2 - 284*b - 145. Calculate a(10).
15
Let l(s) = -5*s**2 - 202*s - 1842. What is l(-11)?
-225
Let u(w) = 9183*w + 55071. Give u(-6).
-27
Let p(x) = -x**3 - 26*x**2 - 63*x - 96. Determine p(-24).
264
Let p(u) = -3*u**2 + 575*u - 2076. Determine p(191).
-1694
Let u(z) = 5596*z - 50460. Determine u(9).
-96
Let a(k) = -2477*k - 1369836. Determine a(-553).
-55
Let n(t) = -73*t**2 - 479*t - 121. Determine n(-6).
125
Let w(l) = 7289*l + 7478508. Calculate w(-1026).
-6
Let o(h) = -33*h**3 + 443*h**2 + 246*h + 278. What is o(14)?
-2
Let j(c) = 2*c**3 - 33*c**2 + 176*c + 20. What is j(8)?
340
Let l(n) = 766*n - 11461. Calculate l(15).
29
Let h(q) = -14*q**2 + 266*q - 1280. Give h(5).
-300
Let j(n) = -3*n**2 - 134*n + 10552. What is j(-86)?
-112
Let r(m) = m**3 + 784*m**2 + 10058*m + 387. Determine r(-13).
-68
Let q(n) = n**3 - 387*n**2 + 34906*n - 1984. What is q(143)?
18
Let m(q) = -206*q + 3561. Calculate m(14).
677
Let x(c) = -5*c**2 + 2628*c - 13022. Determine x(5).
-7
Let f(j) = -j**3 + 49*j**2 + 281*j - 293. Calculate f(54).
301
Let y(q) = q**3 - 618*q**2 - 6030*q - 156993. Determine y(628).
7
Let p(l) = -6*l**2 + 3283*l - 9837. Give p(3).
-42
Let n(t) = -44*t**3 - 179*t**2 - 34*t - 4. Calculate n(-4).
84
Let a(b) = 887*b - 4310. Calculate a(4).
-762
Let h(j) = -20*j**2 - 545*j + 1181. Calculate h(2).
11
Let c(b) = 71152*b - 142371. What is c(2)?
-67
Let p(n) = -3*n**3 + 240*n**2 - 3203*n - 174. Determine p(17).
-4
Let j(l) = -174*l - 10033. Calculate j(-75).
3017
Let d(l) = 7*l**2 + 1385*l - 33866. What is d(22)?
-8
Let y(j) = 10*j**2 + 18*j - 1189. Give y(-12).
35
Let m(x) = -2*x**2 - 379*x - 6909. Calculate m(-172).
-889
Let f(g) = 99503*g + 1393137. Give f(-14).
95
Let c(s) = s**3 + 182*s**2 + 411*s + 9479. Determine c(-180).
299
Let h(z) = -160*z + 75634. What is h(473)?
-46
Let h(v) = -5*v**2 - 11*v - 108. Calculate h(-7).
-276
Let h(y) = -y**3 - 14*y**2 - 26*y + 45. Determine h(-9).
-126
Let z(k) = -4*k**3 + 76*k**2 - 250*k + 72. What is z(14)?
492
Let a(l) = l**3 + 251*l**2 - 1267*l + 3539. What is a(-256)?
211
Let i(d) = -104*d**2 + 84*d - 66. Determine i(2).
-314
Let h(s) = -s**3 + 20*s**2 + 63*s - 775. Give h(13).
1227
Let f(h) = -10*h**2 + 462*h + 279. Calculate f(48).
-585
Let l(f) = -6*f**3 + 35*f**2 - 26*f + 150. Calculate l(6).
-42
Let l(n) = n**2 + 1018*n + 10081. Give l(-10).
1
Let j(z) = z**2 - 4052*z - 20271. Give j(-5).
14
Let b(a) = 6*a**3 + 231*a**2 - 1163*a - 94. Give b(-43).
-8
Let x(d) = 245*d - 116. What is x(4)?
864
Let r(l) = -2*l**3 + 2*l**2 + 1200*l - 20. Give r(-24).
-20
Let n(r) = -19*r**3 + 604*r**2 + 1424*r - 60. What is n(34)?
-196
Let s(l) = -69*l**3 + 1032*l**2 + 157*l - 1684. Calculate s(15).
-4
Let u(j) = -4*j**2 + 181*j - 1424. Determine u(29).
461
Let j(f) = -f**3 - 50*f**2 + 841*f + 38281. Give j(-52).
-43
Let q(f) = 4*f**3 - 69*f**2 - 187*f + 101. Calculate q(20).
761
Let k(c) = -15*c**2 + 179*c - 2491. What is k(16)?
-3467
Let g(w) = -w**2 + 1111*w + 1105. What is g(-1)?
-7
Let o(y) = -341*y + 77155. What is o(226)?
89
Let f(r) = -13849*r - 110758. Calculate f(-8).
34
Let a(v) = -5*v**3 + 30*v**2 - 35*v - 2. Calculate a(2).
8
Let t(i) = -i**3 - 150*i**2 + 12056*i + 405. Determine t(58).
-59
Let d(l) = -337140*l - 26296913. Determine d(-78).
7
Let u(w) = -7*w**2 + 53*w + 157. Give u(10).
-13
Let m(o) = 2*o**3 - 23*o**2 + 68*o + 754. Determine m(-9).
-3179
Let b(l) = -l**3 - 8*l**2 - 755*l - 3809. Give b(-5).
-109
Let g(r) = -2778*r**2 - 122233*r - 14. Give g(-44).
30
Let r(k) = -5*k**3 + 69*k**2 + 1187*k - 31. Give r(-10).
-1
Let n(g) = 527*g - 2021. Determine n(5).
614
Let j(b) = -783*b - 16603. What is j(-21)?
-160
Let f(y) = 2*y**2 + 70*y - 1215. What is f(-45)?
-315
Let x(g) = -g**2